51*b - 468, 0 = -3*u + 3*b + 732. What is the greatest common factor of 2340 and u?
60
Let z(v) = 12*v**3 - 13*v**2 + 12*v - 32. Let q be z(4). Let u = -378 + q. What is the highest common divisor of u and 162?
18
Let w = 8275 - 7318. What is the highest common factor of 66 and w?
33
Suppose -1213*o - 289 = -1217*o + 5*q, 3*o - 3*q - 222 = 0. Calculate the greatest common factor of o and 13527.
81
Suppose -11*p + 4958 = -168. What is the highest common factor of 2 and p?
2
Suppose -43283 + 31727 = -4*n. Calculate the highest common divisor of n and 107.
107
Let o be (-14)/(-8) + -2 - 567236/(-1744). Let u(z) = 22*z - 3. Let d be u(9). What is the greatest common divisor of d and o?
65
Suppose s = -2*p - 9 + 3, p + 3 = -3*s. Suppose -17*n + 626 + 904 = s. What is the greatest common divisor of n and 2?
2
Let b = 1730 - -3688. What is the highest common divisor of b and 172?
86
Let b be ((-856)/6)/(16/(-60)). Calculate the highest common divisor of b and 40.
5
Suppose -10*a + 8*a - 5*o + 3 = 0, 19 = 5*a + o. Suppose -2*p = -c - 247, a*c + 616 = 5*p + c. Let h = 64 + -39. Calculate the highest common factor of h and p.
25
Suppose 4*t = -3*g + 48827, 4*t - 9*g - 48836 = -13*g. Calculate the highest common divisor of 80 and t.
40
Let w = -67 - -68. Let p(a) = a**2 + 5*a + 4. Let f be p(-4). Suppose f*j + 5*j - 4*l = 45, -9 = -j - 4*l. Calculate the highest common divisor of j and w.
1
Suppose 0 = -f - 4*j + 6, 3*j = -4*f - j - 12. Let d be -6 - (-144)/27 - 40/f. What is the greatest common factor of d and 18?
6
Let s(n) = -9*n + 7*n + 1 - 2*n**3 - 147*n**2 + 139*n**2. Let c be s(-4). What is the greatest common divisor of c and 369?
9
Suppose -5*g = -4*n + 4783, n - 2*n = 5*g - 1202. Calculate the highest common factor of 1071 and n.
63
Suppose 5*n = 8*n - 90. Suppose -4*o = -o + n. Let i(z) = -19*z - 14. Let d be i(o). What is the highest common factor of 16 and d?
16
Let o be (15 - 11)/((-2)/(-4)). Suppose 57*s + 44 = 59*s. Suppose -2*c = -6, 2*c = 2*j - 4*j + s. Calculate the greatest common factor of j and o.
8
Let f(m) be the second derivative of m**5/20 - 5*m**4/2 + 5*m**3 - 10*m**2 - 3*m + 4. Let i be f(29). What is the greatest common divisor of 81 and i?
9
Let s(u) = -u**2 - 15*u + 19. Let t be s(-16). Suppose 3*v = -t*v + 2682. Let w = 711 - v. Calculate the greatest common divisor of w and 33.
33
Let x be (-95 - -95)/(-1 - 0). Suppose x = f + 3*g - 75, -g + 249 = 3*f - 0*g. Calculate the greatest common factor of 63 and f.
21
Suppose -275*a + 291*a - 1968 = 0. What is the highest common divisor of a and 779?
41
Let a(k) = -2*k**3 - 6*k**2 + 4*k - 16. Let s(z) = -z**2 - 9*z - 14. Let b be s(-8). Let d be a(b). Calculate the highest common divisor of 8 and d.
8
Suppose -2*p + 2*b = -32, -2*p + 6 = b - 11. Suppose 0 = -3*g - 6, p*g = -u + 8*g + 14. What is the greatest common factor of u and 70?
10
Suppose 2*g - 4*j = -8*j - 152, 3*j = g + 76. Let y = g + 97. Calculate the greatest common factor of 84 and y.
21
Let r be 8*3/(-24)*-10. Let w be (8/r)/(8/(-40)). Let p be 8 + (3 + w - 3). Calculate the greatest common divisor of p and 44.
4
Let l(r) = -r**3 + 5*r**2 - 8*r + 22. Let w be l(4). Let g be ((-8)/w - -1) + (-2082)/(-9). What is the greatest common divisor of g and 21?
21
Let q be 3*(1177/3 + -3). What is the greatest common divisor of 176 and q?
16
Let r(q) = 181 - 26*q - 6*q + 25*q - 67. Let l be r(6). What is the highest common factor of 24 and l?
24
Let p(q) = -2*q**3 + 15*q**2 + 62*q - 22. Let u be p(10). What is the highest common factor of u and 3283?
49
Let u be (-4)/(-14) + (-40)/(-7). Let a(z) = 2*z**3 - 6*z**2 - 20*z + 48. Let s be a(5). What is the highest common divisor of u and s?
6
Let m = -30 - -13. Let i = 19 + m. Suppose -i*k - 5*y - 3 = 0, -5*k + 6 = -2*y + y. What is the greatest common divisor of 1 and k?
1
Let i = 29 + -1. Suppose 4*r - 7*z + 4*z - 151 = 0, -4*r + 141 = -z. Suppose -32*b = -r*b + 28. Calculate the greatest common divisor of b and i.
14
Let n be (2/(-6))/((-22)/3762). Let t be 2869/n + 1/(-3). Calculate the highest common factor of 120 and t.
10
Suppose -5*t - 5*v = -1120, 0*t = 3*t + 2*v - 673. Let n(a) = 14*a - 167. Let r be n(13). What is the highest common divisor of r and t?
15
Suppose -54 = -d - 2*d - 5*z, 0 = z. Let g be 12/(((-54)/(-168))/(d/21)). What is the greatest common divisor of 112 and g?
16
Let l(v) = 83*v**2 - 332*v - 11. Let u be l(5). Calculate the greatest common factor of 4 and u.
4
Let p be -2 + (-540)/(-6) + 0. Let f be (-4)/3*(3 - 2 - p). Calculate the greatest common factor of 29 and f.
29
Let d(l) = 91*l - 1621. Let t be d(23). Calculate the highest common divisor of 295 and t.
59
Suppose 0 = -5*x - n + 44, 0 = 3*x - 2*n + 6*n - 40. Let a = 4 + x. Let p = -1101 - -1125. What is the greatest common factor of a and p?
12
Suppose -45 = 3*r - 63. Let n be (-8215)/(-318) - (-2)/12. Calculate the highest common factor of r and n.
2
Let l = -119 - -16. Let u = -91 - l. What is the greatest common divisor of u and 300?
12
Suppose 2*q - 362 = -2*v, -3*q + 61*v - 62*v + 527 = 0. What is the highest common divisor of 5 and q?
1
Let i(d) = 4*d**2 - 2*d - 1. Let v be i(-1). Let u be (-2)/v - 5463/(-45). Let o = -1707 - -1718. What is the greatest common factor of u and o?
11
Let k(h) = -h**3 - 46*h**2 + 42*h - 189. Let c be k(-47). What is the greatest common divisor of c and 1978?
46
Let q be (-15 + 138)/(15/10). What is the greatest common divisor of 410 and q?
82
Suppose -5 = r, -8 - 11 = -s + 3*r. Suppose 4*m - 6 = -2*u, -s*m + 4*u + 10 = 2*u. Let j be 3/1 + m - -3. What is the highest common divisor of j and 2?
2
Let z be -2*2/(-2) - -1. Suppose 0*q + 12 = -z*q. Let n be ((-15)/q)/((-9)/(-24)). What is the highest common divisor of 4 and n?
2
Suppose 0 = 5*y + 20, 35*y = 3*p + 39*y + 1588. Let h = -453 - p. What is the greatest common divisor of 923 and h?
71
Let v = -74 + 90. Let s(x) = 7*x - 71. Let l be s(25). What is the highest common factor of l and v?
8
Suppose 0 = -5*w + n + 50, -4*w - w + 65 = 2*n. Let s = w - -14. Let t be ((-18)/(-6))/(129/4300). What is the highest common divisor of s and t?
25
Let d be 7/(-21) + (-272)/(-6). Suppose 0 = 3*j - 12*j - 657. Let i = j - -78. Calculate the highest common divisor of d and i.
5
Let z(g) = 22*g + 270. Let m be z(-11). Suppose m*j - 23*j - 85 = 0. What is the greatest common divisor of j and 17?
17
Suppose 8*g - 8504 = 4*t + 4240, -2*g = 5*t - 3186. What is the highest common factor of 378 and g?
27
Let r(a) = 3*a**3 - a**2 + 33*a + 28. Let d be r(0). What is the highest common divisor of d and 3500?
28
Let c(p) = p**2 - 12*p - 15. Let r be c(17). Let s = r + -99. Let i = s - -43. What is the greatest common divisor of i and 154?
14
Suppose -5*s - 4*a - a + 1365 = 0, s = -5*a + 273. Let w(h) = -2*h + 7*h + 2*h**2 - 114 + 111. Let b be w(-6). Calculate the highest common divisor of b and s.
39
Suppose 4*o + 1553 + 924 = -r, 2*r = o + 608. Let t = o + 1031. Calculate the greatest common factor of t and 7.
7
Suppose 3*g + 3 = -18. Let o be (-54)/(-2) - (3 + g). Suppose 3*y + k = 97, -2*y - 5*k = 3*y - 175. What is the greatest common divisor of y and o?
31
Suppose q - 77 = 4*j, 5*q + 38*j - 457 = 40*j. What is the highest common factor of q and 102?
3
Suppose -59 = -u + 40. Let y(m) = 3*m**2 - 5*m + 104. Let a be y(16). What is the highest common factor of a and u?
99
Let g = 96 - 120. Let o = g - 43. Let s = o + 81. Calculate the highest common factor of s and 266.
14
Let n be 26*(237/13 + -18). Calculate the highest common divisor of 1497 and n.
3
Let m = -298 + 243. Let s be ((-44)/m)/(3/345) + -2. What is the highest common divisor of 105 and s?
15
Suppose 3*d + 0*d = 30. Let m(h) = -h**3 - 31*h**2 - 27*h + 106. Let j be m(-30). Calculate the greatest common factor of d and j.
2
Let c be (9/3 + -3)/2. Let u = 145 + -133. Let m = u - c. What is the greatest common divisor of m and 96?
12
Suppose 2506 - 346 = 30*r. What is the greatest common divisor of 3072 and r?
24
Suppose -5*f + m = -139, 74 + 70 = 4*f - 9*m. What is the highest common factor of f and 45171?
27
Let r = 18810 + -18330. What is the greatest common divisor of 4720 and r?
80
Let t(s) = -s**3 + 3*s**2 + 4*s - 3. Let m be t(4). Let l = m - 9. Let o be 2/l